3*g - 351, g = -3*k - 248. Let v = g + 250. Calculate n(v).
-3
Let x(b) be the first derivative of -b**2 - 13*b - 1336. Give x(19).
-51
Let j(o) = -2*o - 11. Let x = -18498 + 18494. Determine j(x).
-3
Let p be (1*(-3 - -3))/1. Let z be 0 + (p - 2) + 4. Let s(x) = -x - 13. Let k(h) = 5*h + 52. Let n(i) = z*k(i) + 9*s(i). Calculate n(10).
-3
Let u = 5692 - 5689. Let c(f) = 8*f**2 + 3*f + 3. Give c(u).
84
Suppose 0 = -i - 23 - 17. Let c = i + 49. Let v(p) = c*p + 3*p**2 + 5*p**2 + p**3 + 12 - 7. What is v(-7)?
-9
Let x(l) be the third derivative of 0*l - 1/6*l**3 - 2*l**2 + 0 - 1/24*l**4. Suppose 17*z - 58 = -189*z + 148. Give x(z).
-2
Suppose m + 9 + 33 = -3*x, 0 = 5*x + 2*m + 71. Let h(k) = -3*k - 17. Calculate h(x).
22
Let h = -4097 - -4088. Let l(c) = 2*c**2 + 16*c + 2. What is l(h)?
20
Let k(c) be the first derivative of c**4/4 + 4*c**3 - 13*c**2/2 + 3*c - 1422. Calculate k(-13).
3
Let b = 6461 - 6459. Let h(n) be the third derivative of 1/120*n**6 - 1/24*n**4 + 0 + 2/15*n**5 - n**3 + 0*n - 22*n**b. What is h(-8)?
2
Let z be 153/(-6)*756/567. Let m(u) = u**2 + 36*u + 58. Determine m(z).
-10
Suppose -8*m + 2864 = -0*m. Let f(z) = -711*z**2 + m*z**2 + 8 + 6*z + 354*z**2. Calculate f(-6).
8
Suppose 10*g - 56 = -36. Let x(w) be the second derivative of 1/12*w**4 - 1/6*w**3 - 3*w**g + 0 + 10*w. Determine x(0).
-6
Let d(h) be the second derivative of h**5/20 - h**3/6 - 4*h. Let y(m) = 3*m**3 - 11*m**2 + 38*m - 55. Let j be y(2). What is d(j)?
0
Let b be 168/(-16)*8/14. Let s(x) = x**2 - 20*x - 7. Let c(j) = j + 2. Let r(w) = b*c(w) - s(w). Determine r(13).
8
Let s = 3921 + -3932. Let t(g) = -g**3 - 11*g**2 + 3*g + 46. Give t(s).
13
Let d(j) = 14 + 2*j**3 - 11 + 44*j + 37*j**2 - 8 - 29*j - 47. Give d(-18).
2
Let q(u) = u**3 + 8*u**2 - 2*u - 10. Let p be q(-8). Let r(j) be the third derivative of 5*j**2 + 1/60*j**5 + 0*j - 1/4*j**4 + 0 + 5/6*j**3. Determine r(p).
5
Let c(p) = 2*p**2 - 18*p - 2. Let a(k) = -3*k**2 + 35*k + 4. Let q(g) = -3*a(g) - 5*c(g). Suppose 945 + 75 = -102*r. What is q(r)?
48
Let x(b) = 19*b - 31. Let h be x(-4). Let s = h - -110. Suppose 2*g - g = 5*v + 10, -3 = s*v. Let r(d) = -d**2 + 3*d - 1. Calculate r(g).
-11
Let r = -4 + 10. Let q(p) = p**2 - 3*p - 16. Let c be q(r). Let i(h) = 7*h - 9*h - h**c - h. Determine i(-5).
-10
Let c(s) = s**2 - 4*s + 2. Let m(g) = g**3 - 7*g**2 - 17*g + 19. Let x be m(9). Suppose -10*r = -x*r - 72. Give c(r).
34
Let r(i) be the third derivative of -i**5/60 + 3*i**3/2 - 2079*i**2 + i. Let f be 2*(-3)/6 - -3. Suppose -x + f*x = 0. Calculate r(x).
9
Suppose -183 = -8*g - 135. Let w(u) = -10*u**3 - 3*u**2 + 14*u. Let n(l) = 8*l**3 + 3*l**2 - 12*l. Let i(p) = g*n(p) + 5*w(p). What is i(2)?
-8
Let c(z) be the first derivative of -13*z**2 - 116*z + 1540. Determine c(-4).
-12
Suppose 7*o = 4*o - 9. Let u(d) = 4*d**3 - 6*d**2 + 10*d - 89. Let n be u(7). Let g(f) = -2120*f + 1060*f - 3 + n*f. What is g(o)?
0
Suppose -3*a + 19*m - 50 = 24*m, 0 = 2*m + 14. Let k(z) = -2*z**3 - 5*z**2 + 12*z + 7. Determine k(a).
72
Let h(m) = m**3 + 15*m**2 - 33*m + 9. Let s be h(-17). Let i be (0 - (-2 - -1)) + s. Let a(c) = -c**3 - 8*c**2 - 6*c + 3. Give a(i).
-4
Let a(p) = -3*p**3 - p - 1. Suppose -2*f + 3*i + 16 = 0, 4*i + 0*i = f - 13. Suppose 0 = f*c + 46 - 56. Give a(c).
-27
Let v(w) = -1501*w - 4*w**2 + 1 + 3043*w - 1511*w. Calculate v(7).
22
Suppose -5 - 1 = -3*l. Let x(v) = -3*v + 2. Let p(s) = 11*s - 3*s + 5 - 9*s - 4*s. Let z(q) = l*p(q) - 5*x(q). Determine z(1).
5
Let i(k) = k**3 + 8*k**2 + 7*k. Let n(x) = -x**3 + 13*x**2 + 29*x + 19. Let a be n(15). Let b be (((-6)/(-3))/(-1))/(a/14). Determine i(b).
0
Suppose 10 = 46*j - 50*j + r, 3*j + 3*r = 0. Let d(y) = -y**2 + 2*y - 1. Give d(j).
-9
Let r(n) = -5*n**3 + 10*n - 12. Let v(i) = -i**3 - i**2 + 2*i. Let l(a) = -a**2 - 28*a + 159. Let c be l(-33). Let p(h) = c*v(h) + r(h). What is p(-6)?
0
Let g be (-4)/(-3 - -1) + 10/2. Let p be (-51)/(-7) - 2/g. Let c(x) = -x**3 + 7*x**2 + 5*x - 6. What is c(p)?
29
Let q(i) = 19*i**2 - i - 11. Let d(o) = 33*o**2 + 3*o - 10. Let s(h) = 2*d(h) - 3*q(h). What is s(-4)?
121
Let z(o) = -o**3 + 12*o**2 + 9*o + 41. Let i be 5053/489 + (-8)/(-3). What is z(i)?
-11
Let d(u) = -u**2 - u**3 - 6*u - 3*u**2 + 1 - 4*u**2. Suppose -308*r + 370*r = -154 - 280. What is d(r)?
-6
Let m(p) = -p**2 + 7*p - 2. Suppose 3*r - 2*r - 2*l = -3, -20 = -4*l. Let f be m(r). Let i(j) = -9*j + 6*j + 285 - 287 + 2*j. Give i(f).
0
Let i = 2258 - 2253. Let a(z) = 2*z + 1. Let w(j) = -j**2 - 5*j. Let c(o) = 2*a(o) + w(o). Calculate c(i).
-28
Let n(i) = -2*i**3 + 8 - 17*i + 17*i**2 + i**3 + 4 + 6. Let g be n(16). Let c(b) = -b**3 - 2*b - 2*b**2 - 1 + 4*b**2 + 2*b**2 + 0*b**2. What is c(g)?
3
Let p be (1*-4)/1*5/(-10). Let x(k) = -37 + 4*k**2 - 12*k - 3*k**p + 41. What is x(12)?
4
Let t(k) = k**2 - 5*k + 4. Suppose -7*r + 16 = -3*r. Suppose -59*m + 57*m = -l - r, -5*m - 2*l + 10 = 0. Determine t(m).
-2
Let d(f) = -127*f - 179. Let b(k) = 397*k + 537. Let y(r) = -6*b(r) - 19*d(r). Calculate y(-6).
-7
Let d(h) = h**3 + 12*h**2 + 11*h + 1. Let f be (1/1)/(1*(8 - 9)). Let g be (1 + 4/f)*605/165. Give d(g).
1
Suppose 0 = 5*p - k + 193, -p - 2*k + 8 = 29. Let h(i) = 9*i + 322. Determine h(p).
-11
Suppose 50*c - 10 = 45*c. Let f(n) = 4511*n**3 + 2*n**c + 3 + n - 4507*n**3 - 3. What is f(-1)?
-3
Let m(z) = -2*z**2 + 1 - 2*z + 2*z. Suppose -6*u + 432 = 1944. Let g = -251 - u. Give m(g).
-1
Let c be ((-2)/5*2)/(80/(-200)). Suppose j = 4*p - 0*j - 40, -4*j + 30 = 3*p. Let d(k) = -p + k + 4 + c. What is d(6)?
2
Suppose -42*n + 52 - 19 + 93 = 0. Let w(l) = 2*l**3 - 3*l**2 - 5*l + 5. Give w(n).
17
Let x(d) = 6*d**2 - 12. Suppose 2*r - 115 + 106 = m, 4*m + 5*r - 3 = 0. Calculate x(m).
42
Let w(b) be the first derivative of -b**3/3 - 5*b**2/2 + b - 11. Let s(r) = -r. Let q(f) = -6*s(f) + w(f). Suppose i + t - 7 = -t, 3*t - 13 = i. Calculate q(i).
-1
Suppose 4*j + 9 = 3*i + 17, -3*j = 4*i + 19. Let s be 4/4 - (-3 + j + -1). Suppose -31*r = -33*r + s. Let k(y) = -y**2 + 4*y - 2. Give k(r).
1
Let i be (10/(-6))/((-3)/9). Let x(s) = 1 + 0*s - s**2 + 3*s + 8*s - 8*s. What is x(i)?
-9
Let o(u) = -18*u**2 - 61*u + 2. Suppose 0 = -5*d - 6*z + 10*z - 23, -22 = 2*d - 8*z. Give o(d).
23
Suppose 106*a - 110*a + 25 = -r, 3*r - 2*a + 45 = 0. Let g(z) = 2*z**2 + 27*z + 18. Calculate g(r).
5
Let q(o) = 2*o**3 + 18*o**2 + o. Suppose x = 19*r - 23*r - 17, 0 = 3*r + 6. Calculate q(x).
-9
Let k(x) = -x**2 + 25*x - 70. Suppose -3*n = 0, 3*m + 46*n = 51*n + 9. What is k(m)?
-4
Let i(j) = -j**2 - 4*j + 1. Let k(v) = 230*v + 1778. Let o be k(-8). Suppose -4*y - 72 = -5*h + 160, 2*h = -4*y - 232. Let u = o - y. What is i(u)?
1
Let s(p) = -37*p + 1. Let q(t) = -6*t + 2. Let v(m) = 5*q(m) - s(m). Determine v(3).
30
Let m(a) = 2*a - 3 + 4 - 4*a. Suppose 854 = 13*t + 74. Suppose -t = -8*g - 7*g. Calculate m(g).
-7
Let s(m) = 3*m - 2. Let w = 626 + -366. Let v be w/(-60) + 4/(-6). What is s(v)?
-17
Let s(n) = -n**3 - 10*n**2 + 11*n + 3. Let z be s(-11). Let w(k) = -12*k**2 - k + 6*k**2 + 2 + k**z + 4*k**2 + 3*k**2. Determine w(0).
2
Suppose -528 = s - 9*s. Let u be 1/(-2) + (-6 - s/(-12)). Let p(x) = -3*x**3 + 2*x**2 + 2*x + 1. What is p(u)?
4
Let b(f) = -f**3 + 5. Let i be -28*12 - (-22)/11. Let o = 334 + i. Calculate b(o).
5
Let u(g) = -8*g**2 - 62*g - 41. Let w = -19833 - -19826. What is u(w)?
1
Let p(i) be the second derivative of 0 + 1/2*i**2 - 125*i + 1/12*i**4 - 1/6*i**3. Determine p(-3).
13
Let f(w) = -6*w**3 - 36*w**2 + 40*w - 5. Let r be f(-7). Let a(u) = u**3 - 10*u**2 + 9*u - 2. Determine a(r).
-2
Let v(o) = -o**2 - 8*o + 13. Let r be v(-9). Let a(j) = 55*j**2 - 6*j + 8. Let n be a(1). Let m(g) = -n*g + 5 + 56*g + 3*g. What is m(r)?
13
Suppose -3*r - r = -12, -3*r + 19 = 2*k. Let n(x) = 4*x - 20. Let b be n(k). Let a(q) = 3 + b*q - 2*q + 4 - 4. What is a(5)?
-7
Let t(p) be the third derivative of -p**6/120 - p**5/60 + p**4/8 + p**3/2 + 9588*p**2 + p. Suppose -2*r + 5*f + 14 = 0, 35 = -5*r - 6*f + f. Give t(r).
12
Let n = 61261/20 - 3063. Let w(s) be the third derivative of 25*s**2 + 0 + n*s**5 + 0*s - 1/24*s**4 - 1/60*s**6 - 1/3*s**3. What is w(2)?
-8
Let w = -12 + 6. Let o(p) be the third derivative of p**6/120 + 7*p**5/60 + 5*p**4/24 - 8207*p**2. Give o(w).
6
Let y(v) = 16*v - 81. Suppose 1